{"id":240,"date":"2023-06-02T00:00:00","date_gmt":"2023-06-01T22:00:00","guid":{"rendered":"https:\/\/kipu-verlag.de\/?post_type=buch&#038;p=240"},"modified":"2025-08-03T12:36:34","modified_gmt":"2025-08-03T10:36:34","slug":"la-justicia-modernacolonial-en-el-sur-globa","status":"publish","type":"buch","link":"https:\/\/www.kipu-verlag.de\/es\/buch\/la-justicia-modernacolonial-en-el-sur-globa\/","title":{"rendered":"La justicia moderna\/colonial en el Sur-Global"},"content":{"rendered":"","protected":false},"excerpt":{"rendered":"<p>El 28 de septiembre de 2015 se estall\u00f3 la violencia en una protesta social contra el proyecto minero chino Las Bambas, que extra\u00eda cobre de Apur\u00edmac, una regi\u00f3n quechua en el Per\u00fa. Las conexiones globales de Las Bambas entrelazaban Cotabambas y Grau en los andes, con Melbourne en Australia y Pek\u00edn en China, mostrando un escenario de ejercicio de la colonialidad del poder con sujetos y colectivos que no pertenecen estrictamente al Norte Global, pero que s\u00ed se vinculan con \u00e9l.<br \/>\nMediante una exploraci\u00f3n marr\u00f3n y decolonial este libro muestra c\u00f3mo se manifiesta la colonialidad del poder en las actoras y los actores del sistema de justicia estatal peruano que participaron en aquella protesta y que en los a\u00f1os sucesivos continuaron con las investigaciones fiscales y procesos derivados de ella. El t\u00e9rmino marr\u00f3n sirve para reivindicar una forma de ver el mundo. No se trata de recaer en la racializaci\u00f3n del otro, sino de valorar esfuerzos epistemol\u00f3gicos no euroc\u00e9ntricos, desde una perspectiva decolonial y un estudio cualitativo. En esa l\u00ednea, el objetivo no solo es describir e interpretar lo sucedido, sino actuar para denunciar situaciones de dominaci\u00f3n y acompa\u00f1ar a los sujetos y las sujetas de esta investigaci\u00f3n.<\/p>","protected":false},"featured_media":125,"menu_order":0,"template":"","format":"standard","categories":[22],"tags":[17,15,14,16],"autor_in":[19],"class_list":["post-240","buch","type-buch","status-publish","format-standard","has-post-thumbnail","hentry","category-rethinking-the-americas","tag-decolonialidad","tag-derechos-humanos","tag-peru","tag-protesta-social","autor_in-bazan-seminario-cesar"],"_links":{"self":[{"href":"https:\/\/www.kipu-verlag.de\/es\/wp-json\/wp\/v2\/buch\/240","targetHints":{"allow":["GET"]}}],"collection":[{"href":"https:\/\/www.kipu-verlag.de\/es\/wp-json\/wp\/v2\/buch"}],"about":[{"href":"https:\/\/www.kipu-verlag.de\/es\/wp-json\/wp\/v2\/types\/buch"}],"wp:featuredmedia":[{"embeddable":true,"href":"https:\/\/www.kipu-verlag.de\/es\/wp-json\/wp\/v2\/media\/125"}],"wp:attachment":[{"href":"https:\/\/www.kipu-verlag.de\/es\/wp-json\/wp\/v2\/media?parent=240"}],"wp:term":[{"taxonomy":"category","embeddable":true,"href":"https:\/\/www.kipu-verlag.de\/es\/wp-json\/wp\/v2\/categories?post=240"},{"taxonomy":"post_tag","embeddable":true,"href":"https:\/\/www.kipu-verlag.de\/es\/wp-json\/wp\/v2\/tags?post=240"},{"taxonomy":"autor_in","embeddable":true,"href":"https:\/\/www.kipu-verlag.de\/es\/wp-json\/wp\/v2\/autor_in?post=240"}],"curies":[{"name":"wp","href":"https:\/\/api.w.org\/{rel}","templated":true}]}}

<p>El 28 de septiembre de 2015 se estalló la violencia en una protesta social contra el proyecto minero chino Las Bambas, que extraía cobre de Apurímac, una región quechua en el Perú. Las conexiones globales de Las Bambas entrelazaban Cotabambas y Grau en los andes, con Melbourne en Australia y Pekín en China, mostrando un escenario de ejercicio de la colonialidad del poder con sujetos y colectivos que no pertenecen estrictamente al Norte Global, pero que sí se vinculan con él.<br />
Mediante una exploración marrón y decolonial este libro muestra cómo se manifiesta la colonialidad del poder en las actoras y los actores del sistema de justicia estatal peruano que participaron en aquella protesta y que en los años sucesivos continuaron con las investigaciones fiscales y procesos derivados de ella. El término marrón sirve para reivindicar una forma de ver el mundo. No se trata de recaer en la racialización del otro, sino de valorar esfuerzos epistemológicos no eurocéntricos, desde una perspectiva decolonial y un estudio cualitativo. En esa línea, el objetivo no solo es describir e interpretar lo sucedido, sino actuar para denunciar situaciones de dominación y acompañar a los sujetos y las sujetas de esta investigación.</p>
