{"id":509,"date":"2020-06-03T00:00:00","date_gmt":"2020-06-02T22:00:00","guid":{"rendered":"https:\/\/kipu-verlag.de\/?post_type=buch&#038;p=509"},"modified":"2025-08-03T16:56:21","modified_gmt":"2025-08-03T14:56:21","slug":"las-sectas-protestantes-y-el-espiritu-del-anti-imperialismo","status":"publish","type":"buch","link":"https:\/\/www.kipu-verlag.de\/es\/buch\/las-sectas-protestantes-y-el-espiritu-del-anti-imperialismo\/","title":{"rendered":"Las &#8217;sectas&#8216; protestantes y el esp\u00edritu del (anti-) imperialismo"},"content":{"rendered":"","protected":false},"excerpt":{"rendered":"<p>Am\u00e9rica Latina, los Estados Unidos, la religi\u00f3n y la pol\u00edtica son ingredientes de un brebaje de cierto poder explosivo. Los cuatro t\u00e9rminos denotan factores de una compleja y, en su mayor parte, violenta relaci\u00f3n de entrelazamiento. Hist\u00f3ricamente, esta relaci\u00f3n ha sido moldeada en primer lugar por la misi\u00f3n protestante en Am\u00e9rica Latina y sus objetivos panamericanos. Pero la misi\u00f3n fue ayer. La otrora religiosidad estadounidense de los misioneros ha tomado formas diferentes y m\u00e1s carism\u00e1ticas bajo las conflictivas condiciones de vida de Am\u00e9rica Latina y hoy en d\u00eda est\u00e1 moldeada sobre todo por los antagonismos de clase del subcontinente. Pero eso no significa que algunas organizaciones evangelicales no sigan representando intereses pol\u00edticos del vecino del Norte, o que, viceversa, la religiosidad pol\u00edtica del Sur no contribuya a las luchas ideol\u00f3gicas en los Estados Unidos, ya sea a trav\u00e9s de la Teolog\u00eda de la Liberaci\u00f3n en los a\u00f1os ochenta o, hoy en d\u00eda, a trav\u00e9s de la solidaridad con los migrantes latinoamericanos.<\/p>\n<p>El presente libro pretende ayudar a visibilizar la l\u00f3gica de estos entrelazamientos interamericanos y as\u00ed desentra\u00f1arlos un poco. La trama genera su tensi\u00f3n narrativa por estar enmarcada entre la gran conferencia panamericanista de las misiones estadounidenses en Panam\u00e1 en 1916 y una conferencia de pentecostales latinoamericanos en 2016 con el fin de hacer un examen cr\u00edtico del proyecto anterior, el autor traza la historia de este entrelazamiento religioso-pol\u00edtico entre las Am\u00e9ricas. Para ello, el autor retoma acontecimientos, conflictos y desarrollos ejemplares: desde el surgimiento del protestantismo de liberaci\u00f3n en Brasil, la instrumentalizaci\u00f3n de la religi\u00f3n en las guerras centroamericanas y el conflicto ideol\u00f3gico en los EE.UU., hasta la vida religiosa cotidiana en los Borderlands as\u00ed como la migraci\u00f3n a los EE.UU. bajo el Trump. En sus comentarios, el autor, en dado caso, no reh\u00faye una porci\u00f3n apropiada de pol\u00e9mica. El libro muestra que los entrelazamientos han cambiado, pero su poder explosivo permanece.<\/p>","protected":false},"featured_media":507,"menu_order":0,"template":"","format":"standard","categories":[20],"tags":[57,56,59,58,55],"autor_in":[54],"class_list":["post-509","buch","type-buch","status-publish","format-standard","has-post-thumbnail","hentry","category-ensayos-interamericanos","tag-entrelazamientos-interamericanos","tag-pentecostalismo","tag-politica","tag-praxeologia","tag-religion","autor_in-schaefer-heinrich-wilhelm"],"_links":{"self":[{"href":"https:\/\/www.kipu-verlag.de\/es\/wp-json\/wp\/v2\/buch\/509","targetHints":{"allow":["GET"]}}],"collection":[{"href":"https:\/\/www.kipu-verlag.de\/es\/wp-json\/wp\/v2\/buch"}],"about":[{"href":"https:\/\/www.kipu-verlag.de\/es\/wp-json\/wp\/v2\/types\/buch"}],"wp:featuredmedia":[{"embeddable":true,"href":"https:\/\/www.kipu-verlag.de\/es\/wp-json\/wp\/v2\/media\/507"}],"wp:attachment":[{"href":"https:\/\/www.kipu-verlag.de\/es\/wp-json\/wp\/v2\/media?parent=509"}],"wp:term":[{"taxonomy":"category","embeddable":true,"href":"https:\/\/www.kipu-verlag.de\/es\/wp-json\/wp\/v2\/categories?post=509"},{"taxonomy":"post_tag","embeddable":true,"href":"https:\/\/www.kipu-verlag.de\/es\/wp-json\/wp\/v2\/tags?post=509"},{"taxonomy":"autor_in","embeddable":true,"href":"https:\/\/www.kipu-verlag.de\/es\/wp-json\/wp\/v2\/autor_in?post=509"}],"curies":[{"name":"wp","href":"https:\/\/api.w.org\/{rel}","templated":true}]}}

Las &#8217;sectas&#8216; protestantes y el espíritu del (anti-) imperialismo

<p>América Latina, los Estados Unidos, la religión y la política son ingredientes de un brebaje de cierto poder explosivo. Los cuatro términos denotan factores de una compleja y, en su mayor parte, violenta relación de entrelazamiento. Históricamente, esta relación ha sido moldeada en primer lugar por la misión protestante en América Latina y sus objetivos panamericanos. Pero la misión fue ayer. La otrora religiosidad estadounidense de los misioneros ha tomado formas diferentes y más carismáticas bajo las conflictivas condiciones de vida de América Latina y hoy en día está moldeada sobre todo por los antagonismos de clase del subcontinente. Pero eso no significa que algunas organizaciones evangelicales no sigan representando intereses políticos del vecino del Norte, o que, viceversa, la religiosidad política del Sur no contribuya a las luchas ideológicas en los Estados Unidos, ya sea a través de la Teología de la Liberación en los años ochenta o, hoy en día, a través de la solidaridad con los migrantes latinoamericanos.</p>
<p>El presente libro pretende ayudar a visibilizar la lógica de estos entrelazamientos interamericanos y así desentrañarlos un poco. La trama genera su tensión narrativa por estar enmarcada entre la gran conferencia panamericanista de las misiones estadounidenses en Panamá en 1916 y una conferencia de pentecostales latinoamericanos en 2016 con el fin de hacer un examen crítico del proyecto anterior, el autor traza la historia de este entrelazamiento religioso-político entre las Américas. Para ello, el autor retoma acontecimientos, conflictos y desarrollos ejemplares: desde el surgimiento del protestantismo de liberación en Brasil, la instrumentalización de la religión en las guerras centroamericanas y el conflicto ideológico en los EE.UU., hasta la vida religiosa cotidiana en los Borderlands así como la migración a los EE.UU. bajo el Trump. En sus comentarios, el autor, en dado caso, no rehúye una porción apropiada de polémica. El libro muestra que los entrelazamientos han cambiado, pero su poder explosivo permanece.</p>
