{"id":2,"date":"2025-03-31T11:32:52","date_gmt":"2025-03-31T09:32:52","guid":{"rendered":"https:\/\/kipu-verlag.de\/?page_id=2"},"modified":"2025-09-22T12:04:28","modified_gmt":"2025-09-22T10:04:28","slug":"ueber-uns","status":"publish","type":"page","link":"https:\/\/www.kipu-verlag.de\/es\/ueber-uns\/","title":{"rendered":"Sobre Kipu"},"content":{"rendered":"<div class=\"wp-block-group has-global-padding is-layout-constrained wp-block-group-is-layout-constrained\">\n<div class=\"wp-block-group is-layout-flow wp-block-group-is-layout-flow\">\n<p class=\"has-medium-font-size\">Kipu-Verlag re\u00fane diferentes disciplinas, regiones, ideas y personas, fomentando el di\u00e1logo y la producci\u00f3n de conocimiento collectivo, descolonial, democratizador y cr\u00edtico. Este concepto se resume en la palabra \u00abkipu\u00bb. La palabra kipu o khipu proviene del idioma quechua. Se traduce como \u00abnudo\u00bb y hace referencia a un sistema de escritura con nudos de m\u00e1s de mil a\u00f1os de antig\u00fcedad que se utilizaba en el Imperio inca para difundir el conocimiento.<\/p>\n\n\n\n<p>El trabajo de la editorial est\u00e1 dirigido a la comunidad cient\u00edfica especializada en estudios regionales transdisciplinarios, as\u00ed como al p\u00fablico en general interesado en las Am\u00e9ricas. La publicaci\u00f3n en l\u00ednea de acceso abierto es una parte importante de la identidad de Kipu-Verlag, adem\u00e1s de ser una piedra angular para la accesibilidad y la libre circulaci\u00f3n del conocimiento. Adem\u00e1s, Kipu-Verlag promueve el di\u00e1logo transcultural mediante la publicaci\u00f3n en varios idiomas, el espa\u00f1ol, el ingl\u00e9s y el alem\u00e1n.<\/p>\n\n\n\n<p>Bei Publikationsinteressen, f\u00fcr Buchvorschl\u00e4ge und Manuskripte wenden Sie sich bitte an <a href=\"mailto:info@kipu-verlag.de\">info@kipu-verlag.de<\/a>, z.Hd. Philipp Wolfesberger. Gerne senden wir in der Folge Formulare zu, um die eingereichten Vorschl\u00e4ge in der Redaktionsleitung sowie mit den Herausgeber*innen von einzelnen Reihen diskutieren zu k\u00f6nnen.<\/p>\n<\/div>\n<\/div>\n\n\n\n<div class=\"wp-block-cover alignfull is-light kipu-bg-brown\"><span aria-hidden=\"true\" class=\"wp-block-cover__background has-custom-primary-background-color has-background-dim-100 has-background-dim\"><\/span><div class=\"wp-block-cover__inner-container has-global-padding is-layout-constrained wp-block-cover-is-layout-constrained\">\n<div class=\"wp-block-group is-layout-flow wp-block-group-is-layout-flow\">\n<h2 class=\"wp-block-heading\">Historia<\/h2>\n\n\n\n<p>Kipu-Verlag se fund\u00f3 en 2015 dentro del Centro de Estudios Interamericanos de la Universidad de Bielefeld. Su labor editorial comenz\u00f3 con la publicaci\u00f3n de la serie de materiales did\u00e1cticos \u00abWissen um globale Verflechtungen\u00bb. Esta primera serie se complement\u00f3 r\u00e1pidamente con libros de fotograf\u00eda que tienden puentes entre la ciencia y la pr\u00e1ctica art\u00edstica, as\u00ed como con la serie en ingl\u00e9s, espa\u00f1ol y alem\u00e1n \u00abMaster's Theses in Inter-American Studies\u00bb (desde 2017), la serie en alem\u00e1n y espa\u00f1ol \u00abEnsayos InterAmericanos\u00bb (desde 2020) y la serie m\u00e1s amplia \u00abRepensar las Am\u00e9ricas \/ Rethinking the Americas\u00bb. Desde 2025, la serie en espa\u00f1ol \u00abAfrontar las crisis ambientales\u00bb se publica en formato de ensayo largo.<\/p>\n<\/div>\n<\/div><\/div>\n\n\n\n<div class=\"wp-block-group pt-5 has-global-padding is-layout-constrained wp-block-group-is-layout-constrained\">\n<div class=\"wp-block-group alignwide has-global-padding is-layout-constrained wp-block-group-is-layout-constrained\">\n<h2 class=\"wp-block-heading\">F\u00f6rderverein f\u00fcr InterAmerikanische Studien e.V.<\/h2>\n\n\n\n<p class=\"translation-block\">Kipu-Verlag est\u00e1 legalmente constituida y publicada por la asociaci\u00f3n sin fines de lucro F\u00f6rderverein f\u00fcr InterAmerikanische Studien e.V. (Asociaci\u00f3n para la Promoci\u00f3n de los Estudios Interamericanos), con sede en Bielefeld, Alemania.<\/p>\n\n\n\n<p>La asociaci\u00f3n est\u00e1 gestionada actualmente por la siguiente junta directiva: Philipp Wolfesberger (presidente), Olaf Kaltmeier, Julia Roth, Nadine Pollvogt y Matti Steinitz.<\/p>\n\n\n\n<p>La junta directiva de la asociaci\u00f3n tambi\u00e9n forma el consejo editorial de Kipu-Verlag.<\/p>\n<\/div>\n<\/div>\n\n\n\n<p><\/p>","protected":false},"excerpt":{"rendered":"<p>Der Kipu-Verlag verbindet Disziplinen, Regionen, Ideen und Menschen miteinander, bringt sie in Dialog, um so gemeinsames, dekoloniales, demokratisierendes und kritisches Wissen zu produzieren. Diese Idee wird mit dem Begriff Kipu zum Ausdruck gebracht. Das Wort Kipu oder Khipu kommt aus dem Quechua. \u00dcbersetzt bedeutet es Knoten und bezeichnet eine \u00fcber tausend Jahre alte Knotenschrift, die [&hellip;]<\/p>\n","protected":false},"author":2,"featured_media":0,"parent":0,"menu_order":40,"comment_status":"closed","ping_status":"closed","template":"","meta":{"inline_featured_image":false,"footnotes":""},"autor_in":[],"class_list":["post-2","page","type-page","status-publish","hentry"],"_links":{"self":[{"href":"https:\/\/www.kipu-verlag.de\/es\/wp-json\/wp\/v2\/pages\/2","targetHints":{"allow":["GET"]}}],"collection":[{"href":"https:\/\/www.kipu-verlag.de\/es\/wp-json\/wp\/v2\/pages"}],"about":[{"href":"https:\/\/www.kipu-verlag.de\/es\/wp-json\/wp\/v2\/types\/page"}],"author":[{"embeddable":true,"href":"https:\/\/www.kipu-verlag.de\/es\/wp-json\/wp\/v2\/users\/2"}],"replies":[{"embeddable":true,"href":"https:\/\/www.kipu-verlag.de\/es\/wp-json\/wp\/v2\/comments?post=2"}],"version-history":[{"count":52,"href":"https:\/\/www.kipu-verlag.de\/es\/wp-json\/wp\/v2\/pages\/2\/revisions"}],"predecessor-version":[{"id":1612,"href":"https:\/\/www.kipu-verlag.de\/es\/wp-json\/wp\/v2\/pages\/2\/revisions\/1612"}],"wp:attachment":[{"href":"https:\/\/www.kipu-verlag.de\/es\/wp-json\/wp\/v2\/media?parent=2"}],"wp:term":[{"taxonomy":"autor_in","embeddable":true,"href":"https:\/\/www.kipu-verlag.de\/es\/wp-json\/wp\/v2\/autor_in?post=2"}],"curies":[{"name":"wp","href":"https:\/\/api.w.org\/{rel}","templated":true}]}}

<div class="wp-block-group has-global-padding is-layout-constrained wp-block-group-is-layout-constrained">
<div class="wp-block-group is-layout-flow wp-block-group-is-layout-flow">
<p class="has-medium-font-size">Kipu-Verlag reúne diferentes disciplinas, regiones, ideas y personas, fomentando el diálogo y la producción de conocimiento collectivo, descolonial, democratizador y crítico. Este concepto se resume en la palabra «kipu». La palabra kipu o khipu proviene del idioma quechua. Se traduce como «nudo» y hace referencia a un sistema de escritura con nudos de más de mil años de antigüedad que se utilizaba en el Imperio inca para difundir el conocimiento.</p>



<p>El trabajo de la editorial está dirigido a la comunidad científica especializada en estudios regionales transdisciplinarios, así como al público en general interesado en las Américas. La publicación en línea de acceso abierto es una parte importante de la identidad de Kipu-Verlag, además de ser una piedra angular para la accesibilidad y la libre circulación del conocimiento. Además, Kipu-Verlag promueve el diálogo transcultural mediante la publicación en varios idiomas, el español, el inglés y el alemán.</p>



<p>Bei Publikationsinteressen, für Buchvorschläge und Manuskripte wenden Sie sich bitte an <a href="mailto:info@kipu-verlag.de">info@kipu-verlag.de</a>, z.Hd. Philipp Wolfesberger. Gerne senden wir in der Folge Formulare zu, um die eingereichten Vorschläge in der Redaktionsleitung sowie mit den Herausgeber*innen von einzelnen Reihen diskutieren zu können.</p>
</div>
</div>



<div class="wp-block-cover alignfull is-light kipu-bg-brown"><span aria-hidden="true" class="wp-block-cover__background has-custom-primary-background-color has-background-dim-100 has-background-dim"></span><div class="wp-block-cover__inner-container has-global-padding is-layout-constrained wp-block-cover-is-layout-constrained">
<div class="wp-block-group is-layout-flow wp-block-group-is-layout-flow">
<h2 class="wp-block-heading">Historia</h2>



<p>Kipu-Verlag se fundó en 2015 dentro del Centro de Estudios Interamericanos de la Universidad de Bielefeld. Su labor editorial comenzó con la publicación de la serie de materiales didácticos «Wissen um globale Verflechtungen». Esta primera serie se complementó rápidamente con libros de fotografía que tienden puentes entre la ciencia y la práctica artística, así como con la serie en inglés, español y alemán «Master's Theses in Inter-American Studies» (desde 2017), la serie en alemán y español «Ensayos InterAmericanos» (desde 2020) y la serie más amplia «Repensar las Américas / Rethinking the Americas». Desde 2025, la serie en español «Afrontar las crisis ambientales» se publica en formato de ensayo largo.</p>
</div>
</div></div>



<div class="wp-block-group pt-5 has-global-padding is-layout-constrained wp-block-group-is-layout-constrained">
<div class="wp-block-group alignwide has-global-padding is-layout-constrained wp-block-group-is-layout-constrained">
<h2 class="wp-block-heading">Förderverein für InterAmerikanische Studien e.V.</h2>



<p class="translation-block">Kipu-Verlag está legalmente constituida y publicada por la asociación sin fines de lucro Förderverein für InterAmerikanische Studien e.V. (Asociación para la Promoción de los Estudios Interamericanos), con sede en Bielefeld, Alemania.</p>



<p>La asociación está gestionada actualmente por la siguiente junta directiva: Philipp Wolfesberger (presidente), Olaf Kaltmeier, Julia Roth, Nadine Pollvogt y Matti Steinitz.</p>



<p>La junta directiva de la asociación también forma el consejo editorial de Kipu-Verlag.</p>
</div>
</div>



<p></p>

<p>Der Kipu-Verlag verbindet Disziplinen, Regionen, Ideen und Menschen miteinander, bringt sie in Dialog, um so gemeinsames, dekoloniales, demokratisierendes und kritisches Wissen zu produzieren. Diese Idee wird mit dem Begriff Kipu zum Ausdruck gebracht. Das Wort Kipu oder Khipu kommt aus dem Quechua. Übersetzt bedeutet es Knoten und bezeichnet eine über tausend Jahre alte Knotenschrift, die [&hellip;]</p>
